{"id":42,"date":"2023-08-31T10:34:46","date_gmt":"2023-08-31T10:34:46","guid":{"rendered":"https:\/\/ccreadysites.cyberchimps.com\/physiotherapy\/?page_id=42"},"modified":"2024-01-30T13:53:49","modified_gmt":"2024-01-30T13:53:49","slug":"faqs","status":"publish","type":"page","link":"https:\/\/beratungsstellemitherz.de\/?page_id=42","title":{"rendered":"FAQs"},"content":{"rendered":"\t\t<div data-elementor-type=\"wp-page\" data-elementor-id=\"42\" class=\"elementor elementor-42\">\n\t\t\t\t\t\t<section class=\"elementor-section elementor-top-section elementor-element elementor-element-6b28f97 elementor-section-boxed elementor-section-height-default elementor-section-height-default\" data-id=\"6b28f97\" data-element_type=\"section\" data-e-type=\"section\">\n\t\t\t\t\t\t<div class=\"elementor-container elementor-column-gap-default\">\n\t\t\t\t\t<div class=\"elementor-column elementor-col-100 elementor-top-column elementor-element elementor-element-98411ab\" data-id=\"98411ab\" data-element_type=\"column\" data-e-type=\"column\">\n\t\t\t<div class=\"elementor-widget-wrap elementor-element-populated\">\n\t\t\t\t\t\t<div class=\"elementor-element elementor-element-1073abf elementor-widget elementor-widget-heading\" data-id=\"1073abf\" data-element_type=\"widget\" data-e-type=\"widget\" data-widget_type=\"heading.default\">\n\t\t\t\t<div class=\"elementor-widget-container\">\n\t\t\t\t\t<h2 class=\"elementor-heading-title elementor-size-default\">H\u00e4ufig gestellte Fragen<\/h2>\t\t\t\t<\/div>\n\t\t\t\t<\/div>\n\t\t\t\t<div class=\"elementor-element elementor-element-b874f81 elementor-widget__width-auto elementor-widget elementor-widget-toggle\" data-id=\"b874f81\" data-element_type=\"widget\" data-e-type=\"widget\" data-widget_type=\"toggle.default\">\n\t\t\t\t<div class=\"elementor-widget-container\">\n\t\t\t\t\t\t\t<div class=\"elementor-toggle\">\n\t\t\t\t\t\t\t<div class=\"elementor-toggle-item\">\n\t\t\t\t\t<div id=\"elementor-tab-title-1931\" class=\"elementor-tab-title\" data-tab=\"1\" role=\"button\" aria-controls=\"elementor-tab-content-1931\" aria-expanded=\"false\">\n\t\t\t\t\t\t\t\t\t\t\t\t<span class=\"elementor-toggle-icon elementor-toggle-icon-left\" aria-hidden=\"true\">\n\t\t\t\t\t\t\t\t\t\t\t\t\t\t\t<span class=\"elementor-toggle-icon-closed\"><svg class=\"e-font-icon-svg e-fas-plus\" viewBox=\"0 0 448 512\" xmlns=\"http:\/\/www.w3.org\/2000\/svg\"><path d=\"M416 208H272V64c0-17.67-14.33-32-32-32h-32c-17.67 0-32 14.33-32 32v144H32c-17.67 0-32 14.33-32 32v32c0 17.67 14.33 32 32 32h144v144c0 17.67 14.33 32 32 32h32c17.67 0 32-14.33 32-32V304h144c17.67 0 32-14.33 32-32v-32c0-17.67-14.33-32-32-32z\"><\/path><\/svg><\/span>\n\t\t\t\t\t\t\t\t<span class=\"elementor-toggle-icon-opened\"><svg class=\"elementor-toggle-icon-opened e-font-icon-svg e-fas-minus\" viewBox=\"0 0 448 512\" xmlns=\"http:\/\/www.w3.org\/2000\/svg\"><path d=\"M416 208H32c-17.67 0-32 14.33-32 32v32c0 17.67 14.33 32 32 32h384c17.67 0 32-14.33 32-32v-32c0-17.67-14.33-32-32-32z\"><\/path><\/svg><\/span>\n\t\t\t\t\t\t\t\t\t\t\t\t\t<\/span>\n\t\t\t\t\t\t\t\t\t\t\t\t<a class=\"elementor-toggle-title\" tabindex=\"0\">Ich kann meinen Termin nicht wahrnehmen. Was nun?<\/a>\n\t\t\t\t\t<\/div>\n\n\t\t\t\t\t<div id=\"elementor-tab-content-1931\" class=\"elementor-tab-content elementor-clearfix\" data-tab=\"1\" role=\"region\" aria-labelledby=\"elementor-tab-title-1931\"><p>Das ist kein Problem solange du sp\u00e4testens 24 Stunden vorher absagst. Andernfalls wird der gesamte Betrag f\u00e4llig <\/p><\/div>\n\t\t\t\t<\/div>\n\t\t\t\t\t\t\t<div class=\"elementor-toggle-item\">\n\t\t\t\t\t<div id=\"elementor-tab-title-1932\" class=\"elementor-tab-title\" data-tab=\"2\" role=\"button\" aria-controls=\"elementor-tab-content-1932\" aria-expanded=\"false\">\n\t\t\t\t\t\t\t\t\t\t\t\t<span class=\"elementor-toggle-icon elementor-toggle-icon-left\" aria-hidden=\"true\">\n\t\t\t\t\t\t\t\t\t\t\t\t\t\t\t<span class=\"elementor-toggle-icon-closed\"><svg class=\"e-font-icon-svg e-fas-plus\" viewBox=\"0 0 448 512\" xmlns=\"http:\/\/www.w3.org\/2000\/svg\"><path d=\"M416 208H272V64c0-17.67-14.33-32-32-32h-32c-17.67 0-32 14.33-32 32v144H32c-17.67 0-32 14.33-32 32v32c0 17.67 14.33 32 32 32h144v144c0 17.67 14.33 32 32 32h32c17.67 0 32-14.33 32-32V304h144c17.67 0 32-14.33 32-32v-32c0-17.67-14.33-32-32-32z\"><\/path><\/svg><\/span>\n\t\t\t\t\t\t\t\t<span class=\"elementor-toggle-icon-opened\"><svg class=\"elementor-toggle-icon-opened e-font-icon-svg e-fas-minus\" viewBox=\"0 0 448 512\" xmlns=\"http:\/\/www.w3.org\/2000\/svg\"><path d=\"M416 208H32c-17.67 0-32 14.33-32 32v32c0 17.67 14.33 32 32 32h384c17.67 0 32-14.33 32-32v-32c0-17.67-14.33-32-32-32z\"><\/path><\/svg><\/span>\n\t\t\t\t\t\t\t\t\t\t\t\t\t<\/span>\n\t\t\t\t\t\t\t\t\t\t\t\t<a class=\"elementor-toggle-title\" tabindex=\"0\">Wann muss ich zahlen?<\/a>\n\t\t\t\t\t<\/div>\n\n\t\t\t\t\t<div id=\"elementor-tab-content-1932\" class=\"elementor-tab-content elementor-clearfix\" data-tab=\"2\" role=\"region\" aria-labelledby=\"elementor-tab-title-1932\"><p>Die Zahlung ist innerhalb von 4 Werktagen nach Terminvereinbarung unaufgefordert zu leisten. Sollte die Zahlung bis dahin nicht eingegangen sein, erfolgt eine automatische Terminstornierung ohne erneute Nachfrage. Sollte ein Termin vorher stattfinden, ist die Zahlung unverz\u00fcglich zu leisten.<\/p><\/div>\n\t\t\t\t<\/div>\n\t\t\t\t\t\t\t\t\t\t<script type=\"application\/ld+json\">{\"@context\":\"https:\\\/\\\/schema.org\",\"@type\":\"FAQPage\",\"mainEntity\":[{\"@type\":\"Question\",\"name\":\"Ich kann meinen Termin nicht wahrnehmen. Was nun?\",\"acceptedAnswer\":{\"@type\":\"Answer\",\"text\":\"<p>Das ist kein Problem solange du sp\\u00e4testens 24 Stunden vorher absagst. Andernfalls wird der gesamte Betrag f\\u00e4llig <\\\/p>\"}},{\"@type\":\"Question\",\"name\":\"Wann muss ich zahlen?\",\"acceptedAnswer\":{\"@type\":\"Answer\",\"text\":\"<p>Die Zahlung ist innerhalb von 4 Werktagen nach Terminvereinbarung unaufgefordert zu leisten. Sollte die Zahlung bis dahin nicht eingegangen sein, erfolgt eine automatische Terminstornierung ohne erneute Nachfrage. Sollte ein Termin vorher stattfinden, ist die Zahlung unverz\\u00fcglich zu leisten.<\\\/p>\"}}]}<\/script>\n\t\t\t\t\t<\/div>\n\t\t\t\t\t\t<\/div>\n\t\t\t\t<\/div>\n\t\t\t\t\t<\/div>\n\t\t<\/div>\n\t\t\t\t\t<\/div>\n\t\t<\/section>\n\t\t\t\t<\/div>\n\t\t","protected":false},"excerpt":{"rendered":"<p>H\u00e4ufig gestellte Fragen Ich kann meinen Termin nicht wahrnehmen. Was nun? Das ist kein Problem solange du sp\u00e4testens 24 Stunden vorher absagst. Andernfalls wird der gesamte Betrag f\u00e4llig Wann muss ich zahlen? Die Zahlung ist innerhalb von 4 Werktagen nach &hellip;<\/p>\n<p class=\"read-more\"> <a class=\"more-link\" href=\"https:\/\/beratungsstellemitherz.de\/?page_id=42\"> <span class=\"screen-reader-text\">FAQs<\/span> Read More &raquo;<\/a><\/p>\n","protected":false},"author":1,"featured_media":0,"parent":0,"menu_order":0,"comment_status":"closed","ping_status":"closed","template":"elementor_header_footer","meta":{"footnotes":""},"class_list":["post-42","page","type-page","status-publish","hentry"],"yoast_head":"<!-- This site is optimized with the Yoast SEO plugin v26.8 - https:\/\/yoast.com\/product\/yoast-seo-wordpress\/ -->\n<title>FAQs - Beratungsstelle mit Herz<\/title>\n<meta name=\"robots\" content=\"index, follow, max-snippet:-1, max-image-preview:large, max-video-preview:-1\" \/>\n<link rel=\"canonical\" href=\"https:\/\/beratungsstellemitherz.de\/?page_id=42\" \/>\n<meta property=\"og:locale\" content=\"de_DE\" \/>\n<meta property=\"og:type\" content=\"article\" \/>\n<meta property=\"og:title\" content=\"FAQs - Beratungsstelle mit Herz\" \/>\n<meta property=\"og:description\" content=\"H\u00e4ufig gestellte Fragen Ich kann meinen Termin nicht wahrnehmen. Was nun? Das ist kein Problem solange du sp\u00e4testens 24 Stunden vorher absagst. Andernfalls wird der gesamte Betrag f\u00e4llig Wann muss ich zahlen? Die Zahlung ist innerhalb von 4 Werktagen nach &hellip; FAQs Read More &raquo;\" \/>\n<meta property=\"og:url\" content=\"https:\/\/beratungsstellemitherz.de\/?page_id=42\" \/>\n<meta property=\"og:site_name\" content=\"Beratungsstelle mit Herz\" \/>\n<meta property=\"article:modified_time\" content=\"2024-01-30T13:53:49+00:00\" \/>\n<meta name=\"twitter:card\" content=\"summary_large_image\" \/>\n<meta name=\"twitter:label1\" content=\"Gesch\u00e4tzte Lesezeit\" \/>\n\t<meta name=\"twitter:data1\" content=\"1 Minute\" \/>\n<script type=\"application\/ld+json\" class=\"yoast-schema-graph\">{\"@context\":\"https:\/\/schema.org\",\"@graph\":[{\"@type\":\"WebPage\",\"@id\":\"https:\/\/beratungsstellemitherz.de\/?page_id=42\",\"url\":\"https:\/\/beratungsstellemitherz.de\/?page_id=42\",\"name\":\"FAQs - Beratungsstelle mit Herz\",\"isPartOf\":{\"@id\":\"https:\/\/beratungsstellemitherz.de\/#website\"},\"datePublished\":\"2023-08-31T10:34:46+00:00\",\"dateModified\":\"2024-01-30T13:53:49+00:00\",\"breadcrumb\":{\"@id\":\"https:\/\/beratungsstellemitherz.de\/?page_id=42#breadcrumb\"},\"inLanguage\":\"de\",\"potentialAction\":[{\"@type\":\"ReadAction\",\"target\":[\"https:\/\/beratungsstellemitherz.de\/?page_id=42\"]}]},{\"@type\":\"BreadcrumbList\",\"@id\":\"https:\/\/beratungsstellemitherz.de\/?page_id=42#breadcrumb\",\"itemListElement\":[{\"@type\":\"ListItem\",\"position\":1,\"name\":\"Startseite\",\"item\":\"https:\/\/beratungsstellemitherz.de\/\"},{\"@type\":\"ListItem\",\"position\":2,\"name\":\"FAQs\"}]},{\"@type\":\"WebSite\",\"@id\":\"https:\/\/beratungsstellemitherz.de\/#website\",\"url\":\"https:\/\/beratungsstellemitherz.de\/\",\"name\":\"Beratungsstelle mit Herz\",\"description\":\"Ganzheitliche Gesundheitsberatung\",\"publisher\":{\"@id\":\"https:\/\/beratungsstellemitherz.de\/#organization\"},\"potentialAction\":[{\"@type\":\"SearchAction\",\"target\":{\"@type\":\"EntryPoint\",\"urlTemplate\":\"https:\/\/beratungsstellemitherz.de\/?s={search_term_string}\"},\"query-input\":{\"@type\":\"PropertyValueSpecification\",\"valueRequired\":true,\"valueName\":\"search_term_string\"}}],\"inLanguage\":\"de\"},{\"@type\":\"Organization\",\"@id\":\"https:\/\/beratungsstellemitherz.de\/#organization\",\"name\":\"Beratungsstelle mit Herz\",\"url\":\"https:\/\/beratungsstellemitherz.de\/\",\"logo\":{\"@type\":\"ImageObject\",\"inLanguage\":\"de\",\"@id\":\"https:\/\/beratungsstellemitherz.de\/#\/schema\/logo\/image\/\",\"url\":\"https:\/\/beratungsstellemitherz.de\/wp-content\/uploads\/2023\/12\/cropped-bmh_design-1-e1701875806363.jpg\",\"contentUrl\":\"https:\/\/beratungsstellemitherz.de\/wp-content\/uploads\/2023\/12\/cropped-bmh_design-1-e1701875806363.jpg\",\"width\":100,\"height\":100,\"caption\":\"Beratungsstelle mit Herz\"},\"image\":{\"@id\":\"https:\/\/beratungsstellemitherz.de\/#\/schema\/logo\/image\/\"}}]}<\/script>\n<!-- \/ Yoast SEO plugin. -->","yoast_head_json":{"title":"FAQs - Beratungsstelle mit Herz","robots":{"index":"index","follow":"follow","max-snippet":"max-snippet:-1","max-image-preview":"max-image-preview:large","max-video-preview":"max-video-preview:-1"},"canonical":"https:\/\/beratungsstellemitherz.de\/?page_id=42","og_locale":"de_DE","og_type":"article","og_title":"FAQs - Beratungsstelle mit Herz","og_description":"H\u00e4ufig gestellte Fragen Ich kann meinen Termin nicht wahrnehmen. Was nun? Das ist kein Problem solange du sp\u00e4testens 24 Stunden vorher absagst. Andernfalls wird der gesamte Betrag f\u00e4llig Wann muss ich zahlen? Die Zahlung ist innerhalb von 4 Werktagen nach &hellip; FAQs Read More &raquo;","og_url":"https:\/\/beratungsstellemitherz.de\/?page_id=42","og_site_name":"Beratungsstelle mit Herz","article_modified_time":"2024-01-30T13:53:49+00:00","twitter_card":"summary_large_image","twitter_misc":{"Gesch\u00e4tzte Lesezeit":"1 Minute"},"schema":{"@context":"https:\/\/schema.org","@graph":[{"@type":"WebPage","@id":"https:\/\/beratungsstellemitherz.de\/?page_id=42","url":"https:\/\/beratungsstellemitherz.de\/?page_id=42","name":"FAQs - Beratungsstelle mit Herz","isPartOf":{"@id":"https:\/\/beratungsstellemitherz.de\/#website"},"datePublished":"2023-08-31T10:34:46+00:00","dateModified":"2024-01-30T13:53:49+00:00","breadcrumb":{"@id":"https:\/\/beratungsstellemitherz.de\/?page_id=42#breadcrumb"},"inLanguage":"de","potentialAction":[{"@type":"ReadAction","target":["https:\/\/beratungsstellemitherz.de\/?page_id=42"]}]},{"@type":"BreadcrumbList","@id":"https:\/\/beratungsstellemitherz.de\/?page_id=42#breadcrumb","itemListElement":[{"@type":"ListItem","position":1,"name":"Startseite","item":"https:\/\/beratungsstellemitherz.de\/"},{"@type":"ListItem","position":2,"name":"FAQs"}]},{"@type":"WebSite","@id":"https:\/\/beratungsstellemitherz.de\/#website","url":"https:\/\/beratungsstellemitherz.de\/","name":"Beratungsstelle mit Herz","description":"Ganzheitliche Gesundheitsberatung","publisher":{"@id":"https:\/\/beratungsstellemitherz.de\/#organization"},"potentialAction":[{"@type":"SearchAction","target":{"@type":"EntryPoint","urlTemplate":"https:\/\/beratungsstellemitherz.de\/?s={search_term_string}"},"query-input":{"@type":"PropertyValueSpecification","valueRequired":true,"valueName":"search_term_string"}}],"inLanguage":"de"},{"@type":"Organization","@id":"https:\/\/beratungsstellemitherz.de\/#organization","name":"Beratungsstelle mit Herz","url":"https:\/\/beratungsstellemitherz.de\/","logo":{"@type":"ImageObject","inLanguage":"de","@id":"https:\/\/beratungsstellemitherz.de\/#\/schema\/logo\/image\/","url":"https:\/\/beratungsstellemitherz.de\/wp-content\/uploads\/2023\/12\/cropped-bmh_design-1-e1701875806363.jpg","contentUrl":"https:\/\/beratungsstellemitherz.de\/wp-content\/uploads\/2023\/12\/cropped-bmh_design-1-e1701875806363.jpg","width":100,"height":100,"caption":"Beratungsstelle mit Herz"},"image":{"@id":"https:\/\/beratungsstellemitherz.de\/#\/schema\/logo\/image\/"}}]}},"featured_image_src":"","featured_image_src_square":false,"rbea_author_info":{"display_name":"admin","author_link":"https:\/\/beratungsstellemitherz.de\/?author=1"},"rbea_excerpt_info":"H\u00e4ufig gestellte Fragen Ich kann meinen Termin nicht wahrnehmen. Was nun? Das ist kein Problem solange du sp\u00e4testens 24 Stunden vorher absagst. Andernfalls wird der gesamte Betrag f\u00e4llig Wann muss ich zahlen? Die Zahlung ist innerhalb von 4 Werktagen nach &hellip;<p class=\"read-more\"> <a class=\"more-link\" href=\"https:\/\/beratungsstellemitherz.de\/?page_id=42\"> <span class=\"screen-reader-text\">FAQs<\/span> Read More &raquo;<\/a><\/p>","_links":{"self":[{"href":"https:\/\/beratungsstellemitherz.de\/index.php?rest_route=\/wp\/v2\/pages\/42","targetHints":{"allow":["GET"]}}],"collection":[{"href":"https:\/\/beratungsstellemitherz.de\/index.php?rest_route=\/wp\/v2\/pages"}],"about":[{"href":"https:\/\/beratungsstellemitherz.de\/index.php?rest_route=\/wp\/v2\/types\/page"}],"author":[{"embeddable":true,"href":"https:\/\/beratungsstellemitherz.de\/index.php?rest_route=\/wp\/v2\/users\/1"}],"replies":[{"embeddable":true,"href":"https:\/\/beratungsstellemitherz.de\/index.php?rest_route=%2Fwp%2Fv2%2Fcomments&post=42"}],"version-history":[{"count":8,"href":"https:\/\/beratungsstellemitherz.de\/index.php?rest_route=\/wp\/v2\/pages\/42\/revisions"}],"predecessor-version":[{"id":2194,"href":"https:\/\/beratungsstellemitherz.de\/index.php?rest_route=\/wp\/v2\/pages\/42\/revisions\/2194"}],"wp:attachment":[{"href":"https:\/\/beratungsstellemitherz.de\/index.php?rest_route=%2Fwp%2Fv2%2Fmedia&parent=42"}],"curies":[{"name":"wp","href":"https:\/\/api.w.org\/{rel}","templated":true}]}}